{"id":209,"date":"2023-11-15T18:23:52","date_gmt":"2023-11-15T17:23:52","guid":{"rendered":"https:\/\/santo.edu.ec\/?page_id=209"},"modified":"2024-10-15T09:07:12","modified_gmt":"2024-10-15T14:07:12","slug":"a-traves-del-tiempo","status":"publish","type":"page","link":"https:\/\/santo.edu.ec\/index.php\/a-traves-del-tiempo\/","title":{"rendered":"A trav\u00e9s del tiempo"},"content":{"rendered":"\n<p class=\"has-text-align-center\"><\/p>\n\n\n\n<div class=\"wp-block-media-text is-stacked-on-mobile animated backInLeft\"><figure class=\"wp-block-media-text__media\"><img data-recalc-dims=\"1\" fetchpriority=\"high\" decoding=\"async\" width=\"532\" height=\"340\" src=\"https:\/\/i0.wp.com\/santo.edu.ec\/wp-content\/uploads\/2023\/11\/1869.png?resize=532%2C340&#038;ssl=1\" alt=\"\" class=\"wp-image-371 size-full\" srcset=\"https:\/\/i0.wp.com\/santo.edu.ec\/wp-content\/uploads\/2023\/11\/1869.png?w=532&amp;ssl=1 532w, https:\/\/i0.wp.com\/santo.edu.ec\/wp-content\/uploads\/2023\/11\/1869.png?resize=300%2C192&amp;ssl=1 300w\" sizes=\"(max-width: 532px) 100vw, 532px\" \/><\/figure><div class=\"wp-block-media-text__content\">\n<p class=\"has-large-font-size\"><strong>1869<\/strong><\/p>\n\n\n\n<p class=\"justificar\">Fundaci\u00f3n de la Congregaci\u00f3n de Hermanas Dominicas de la Inmaculada Concepci\u00f3n en Toulouse \u2013 Francia, por Madre Hedwige Portalet.<\/p>\n<\/div><\/div>\n\n\n\n<hr class=\"wp-block-separator has-alpha-channel-opacity\"\/>\n\n\n\n<div class=\"wp-block-media-text has-media-on-the-right is-stacked-on-mobile animated backInRight\"><div class=\"wp-block-media-text__content\">\n<p class=\"has-large-font-size\"><strong>1936<\/strong><\/p>\n\n\n\n<p class=\"justificar\">Las Hermanas Dominicas de la Inmaculada Concepci\u00f3n, llegan a la ciudad de Ambato. Fundan la actual U.E. Carmen Barona.<\/p>\n<\/div><figure class=\"wp-block-media-text__media\"><img data-recalc-dims=\"1\" decoding=\"async\" width=\"537\" height=\"332\" src=\"https:\/\/i0.wp.com\/santo.edu.ec\/wp-content\/uploads\/2023\/11\/1936.png?resize=537%2C332&#038;ssl=1\" alt=\"\" class=\"wp-image-370 size-full\" srcset=\"https:\/\/i0.wp.com\/santo.edu.ec\/wp-content\/uploads\/2023\/11\/1936.png?w=537&amp;ssl=1 537w, https:\/\/i0.wp.com\/santo.edu.ec\/wp-content\/uploads\/2023\/11\/1936.png?resize=300%2C185&amp;ssl=1 300w\" sizes=\"(max-width: 537px) 100vw, 537px\" \/><\/figure><\/div>\n\n\n\n<hr class=\"wp-block-separator has-alpha-channel-opacity\"\/>\n\n\n\n<div class=\"wp-block-media-text is-stacked-on-mobile animated backInLeft\"><figure class=\"wp-block-media-text__media\"><img data-recalc-dims=\"1\" decoding=\"async\" width=\"523\" height=\"336\" src=\"https:\/\/i0.wp.com\/santo.edu.ec\/wp-content\/uploads\/2023\/11\/1963.png?resize=523%2C336&#038;ssl=1\" alt=\"\" class=\"wp-image-369 size-full\" srcset=\"https:\/\/i0.wp.com\/santo.edu.ec\/wp-content\/uploads\/2023\/11\/1963.png?w=523&amp;ssl=1 523w, https:\/\/i0.wp.com\/santo.edu.ec\/wp-content\/uploads\/2023\/11\/1963.png?resize=300%2C193&amp;ssl=1 300w\" sizes=\"(max-width: 523px) 100vw, 523px\" \/><\/figure><div class=\"wp-block-media-text__content\">\n<p class=\"has-large-font-size\"><strong>1963<\/strong><\/p>\n\n\n\n<p class=\"justificar\">Creaci\u00f3n del Normal Carmen Barona. Inici\u00f3 el funcionamiento en la Av. Cevallos y Castillo.<\/p>\n<\/div><\/div>\n\n\n\n<hr class=\"wp-block-separator has-alpha-channel-opacity\"\/>\n\n\n\n<div class=\"wp-block-media-text has-media-on-the-right is-stacked-on-mobile animated backInRight\"><div class=\"wp-block-media-text__content\">\n<p class=\"has-large-font-size\"><strong>1968<\/strong><\/p>\n\n\n\n<p>Inauguraci\u00f3n de las instalaciones en Ficoa.<\/p>\n<\/div><figure class=\"wp-block-media-text__media\"><img data-recalc-dims=\"1\" loading=\"lazy\" decoding=\"async\" width=\"461\" height=\"331\" src=\"https:\/\/i0.wp.com\/santo.edu.ec\/wp-content\/uploads\/2023\/11\/1968.png?resize=461%2C331&#038;ssl=1\" alt=\"\" class=\"wp-image-368 size-full\" srcset=\"https:\/\/i0.wp.com\/santo.edu.ec\/wp-content\/uploads\/2023\/11\/1968.png?w=461&amp;ssl=1 461w, https:\/\/i0.wp.com\/santo.edu.ec\/wp-content\/uploads\/2023\/11\/1968.png?resize=300%2C215&amp;ssl=1 300w\" sizes=\"(max-width: 461px) 100vw, 461px\" \/><\/figure><\/div>\n\n\n\n<hr class=\"wp-block-separator has-alpha-channel-opacity\"\/>\n\n\n\n<div class=\"wp-block-media-text is-stacked-on-mobile animated backInLeft\"><figure class=\"wp-block-media-text__media\"><img data-recalc-dims=\"1\" loading=\"lazy\" decoding=\"async\" width=\"462\" height=\"333\" src=\"https:\/\/i0.wp.com\/santo.edu.ec\/wp-content\/uploads\/2023\/11\/1973.png?resize=462%2C333&#038;ssl=1\" alt=\"\" class=\"wp-image-372 size-full\" srcset=\"https:\/\/i0.wp.com\/santo.edu.ec\/wp-content\/uploads\/2023\/11\/1973.png?w=462&amp;ssl=1 462w, https:\/\/i0.wp.com\/santo.edu.ec\/wp-content\/uploads\/2023\/11\/1973.png?resize=300%2C216&amp;ssl=1 300w, https:\/\/i0.wp.com\/santo.edu.ec\/wp-content\/uploads\/2023\/11\/1973.png?resize=460%2C333&amp;ssl=1 460w\" sizes=\"(max-width: 462px) 100vw, 462px\" \/><\/figure><div class=\"wp-block-media-text__content\">\n<p class=\"has-large-font-size\"><strong>1973<\/strong><\/p>\n\n\n\n<p class=\"justificar\">Cambio de oferta educativa. Se suprime el Normal Carmen Barona y pasa a funcionar el colegio Carmen Barona con Bachillerato en Humanidades Modernas.<\/p>\n<\/div><\/div>\n\n\n\n<hr class=\"wp-block-separator has-alpha-channel-opacity\"\/>\n\n\n\n<div class=\"wp-block-media-text has-media-on-the-right is-stacked-on-mobile animated backInRight\"><div class=\"wp-block-media-text__content\">\n<p class=\"has-large-font-size\"><strong>1979<\/strong><\/p>\n\n\n\n<p>Cambio de denominaci\u00f3n: de<br>Colegio Carmen Barona a<br>Colegio \u201cSanto Domingo de<br>Guzm\u00e1n\u201d, con oferta educativa:<br>Jard\u00edn de Infantes, Escuela y<br>Colegio.<br><\/p>\n<\/div><figure class=\"wp-block-media-text__media\"><img data-recalc-dims=\"1\" loading=\"lazy\" decoding=\"async\" width=\"503\" height=\"347\" src=\"https:\/\/i0.wp.com\/santo.edu.ec\/wp-content\/uploads\/2023\/11\/1979.png?resize=503%2C347&#038;ssl=1\" alt=\"\" class=\"wp-image-367 size-full\" srcset=\"https:\/\/i0.wp.com\/santo.edu.ec\/wp-content\/uploads\/2023\/11\/1979.png?w=503&amp;ssl=1 503w, https:\/\/i0.wp.com\/santo.edu.ec\/wp-content\/uploads\/2023\/11\/1979.png?resize=300%2C207&amp;ssl=1 300w\" sizes=\"(max-width: 503px) 100vw, 503px\" \/><\/figure><\/div>\n\n\n\n<hr class=\"wp-block-separator has-alpha-channel-opacity\"\/>\n\n\n\n<div class=\"wp-block-media-text is-stacked-on-mobile animated backInLeft\"><figure class=\"wp-block-media-text__media\"><img data-recalc-dims=\"1\" loading=\"lazy\" decoding=\"async\" width=\"462\" height=\"333\" src=\"https:\/\/i0.wp.com\/santo.edu.ec\/wp-content\/uploads\/2023\/11\/1973.png?resize=462%2C333&#038;ssl=1\" alt=\"\" class=\"wp-image-372 size-full\" srcset=\"https:\/\/i0.wp.com\/santo.edu.ec\/wp-content\/uploads\/2023\/11\/1973.png?w=462&amp;ssl=1 462w, https:\/\/i0.wp.com\/santo.edu.ec\/wp-content\/uploads\/2023\/11\/1973.png?resize=300%2C216&amp;ssl=1 300w, https:\/\/i0.wp.com\/santo.edu.ec\/wp-content\/uploads\/2023\/11\/1973.png?resize=460%2C333&amp;ssl=1 460w\" sizes=\"(max-width: 462px) 100vw, 462px\" \/><\/figure><div class=\"wp-block-media-text__content\">\n<p class=\"has-large-font-size\"><strong>2013<\/strong><\/p>\n\n\n\n<p class=\"justificar\">Unificaci\u00f3n del servicio educativo con el nombre de Unidad Educativa Santo Domingo de Guzm\u00e1n \u2013 Ambato. Oferta educativa actual: Inicial 2, Educaci\u00f3n General B\u00e1sica y Bachillerato General Unificado en Ciencias.<\/p>\n<\/div><\/div>\n\n\n\n<hr class=\"wp-block-separator has-alpha-channel-opacity\"\/>\n\n\n\n<div class=\"wp-block-media-text has-media-on-the-right is-stacked-on-mobile animated backInRight\"><div class=\"wp-block-media-text__content\">\n<p class=\"has-large-font-size\"><strong>2024<\/strong><\/p>\n\n\n\n<p class=\"Justificar\">Continuamos la misi\u00f3n educativa bajo el lema institucional: Somos Luz y Verdad con Jes\u00fas, inspirado en el carisma fundacional de las hermanas Dominicas.<\/p>\n<\/div><figure class=\"wp-block-media-text__media\"><img data-recalc-dims=\"1\" loading=\"lazy\" decoding=\"async\" width=\"750\" height=\"563\" src=\"https:\/\/i0.wp.com\/santo.edu.ec\/wp-content\/uploads\/2023\/11\/WhatsApp-Image-2023-11-16-at-09.04.06.jpeg?resize=750%2C563&#038;ssl=1\" alt=\"\" class=\"wp-image-489 size-full\" srcset=\"https:\/\/i0.wp.com\/santo.edu.ec\/wp-content\/uploads\/2023\/11\/WhatsApp-Image-2023-11-16-at-09.04.06-scaled.jpeg?resize=1024%2C768&amp;ssl=1 1024w, https:\/\/i0.wp.com\/santo.edu.ec\/wp-content\/uploads\/2023\/11\/WhatsApp-Image-2023-11-16-at-09.04.06-scaled.jpeg?resize=300%2C225&amp;ssl=1 300w, https:\/\/i0.wp.com\/santo.edu.ec\/wp-content\/uploads\/2023\/11\/WhatsApp-Image-2023-11-16-at-09.04.06-scaled.jpeg?resize=768%2C576&amp;ssl=1 768w, https:\/\/i0.wp.com\/santo.edu.ec\/wp-content\/uploads\/2023\/11\/WhatsApp-Image-2023-11-16-at-09.04.06-scaled.jpeg?resize=1536%2C1152&amp;ssl=1 1536w, https:\/\/i0.wp.com\/santo.edu.ec\/wp-content\/uploads\/2023\/11\/WhatsApp-Image-2023-11-16-at-09.04.06-scaled.jpeg?resize=2048%2C1536&amp;ssl=1 2048w, https:\/\/i0.wp.com\/santo.edu.ec\/wp-content\/uploads\/2023\/11\/WhatsApp-Image-2023-11-16-at-09.04.06-scaled.jpeg?resize=600%2C450&amp;ssl=1 600w, https:\/\/i0.wp.com\/santo.edu.ec\/wp-content\/uploads\/2023\/11\/WhatsApp-Image-2023-11-16-at-09.04.06-scaled.jpeg?w=2250&amp;ssl=1 2250w\" sizes=\"(max-width: 750px) 100vw, 750px\" \/><\/figure><\/div>\n\n\n\n<hr class=\"wp-block-separator has-alpha-channel-opacity\"\/>\n\n\n\n<figure class=\"wp-block-embed aligncenter is-type-video is-provider-youtube wp-block-embed-youtube wp-embed-aspect-16-9 wp-has-aspect-ratio\"><div class=\"wp-block-embed__wrapper\">\n<iframe title=\"Enciende tu L\u00e1mpara | Santo Domingo de Guzm\u00e1n Ambato\" width=\"750\" height=\"422\" src=\"https:\/\/www.youtube.com\/embed\/MIuZUGc9wgM?feature=oembed\" frameborder=\"0\" allow=\"accelerometer; autoplay; clipboard-write; encrypted-media; gyroscope; picture-in-picture; web-share\" referrerpolicy=\"strict-origin-when-cross-origin\" allowfullscreen><\/iframe>\n<\/div><\/figure>\n","protected":false},"excerpt":{"rendered":"<p>1869 Fundaci\u00f3n de la Congregaci\u00f3n de Hermanas Dominicas de la Inmaculada Concepci\u00f3n en Toulouse \u2013 Francia, por Madre Hedwige Portalet. 1936 Las Hermanas Dominicas de la Inmaculada Concepci\u00f3n, llegan a la ciudad de Ambato. Fundan la actual U.E. Carmen Barona. 1963 Creaci\u00f3n del Normal Carmen Barona. Inici\u00f3 el funcionamiento en [&hellip;]<\/p>\n","protected":false},"author":1,"featured_media":273,"parent":0,"menu_order":0,"comment_status":"closed","ping_status":"closed","template":"","meta":{"_themeisle_gutenberg_block_has_review":false,"_joinchat":[],"footnotes":""},"class_list":["post-209","page","type-page","status-publish","has-post-thumbnail","hentry"],"jetpack_sharing_enabled":true,"_links":{"self":[{"href":"https:\/\/santo.edu.ec\/index.php\/wp-json\/wp\/v2\/pages\/209","targetHints":{"allow":["GET"]}}],"collection":[{"href":"https:\/\/santo.edu.ec\/index.php\/wp-json\/wp\/v2\/pages"}],"about":[{"href":"https:\/\/santo.edu.ec\/index.php\/wp-json\/wp\/v2\/types\/page"}],"author":[{"embeddable":true,"href":"https:\/\/santo.edu.ec\/index.php\/wp-json\/wp\/v2\/users\/1"}],"replies":[{"embeddable":true,"href":"https:\/\/santo.edu.ec\/index.php\/wp-json\/wp\/v2\/comments?post=209"}],"version-history":[{"count":9,"href":"https:\/\/santo.edu.ec\/index.php\/wp-json\/wp\/v2\/pages\/209\/revisions"}],"predecessor-version":[{"id":1599,"href":"https:\/\/santo.edu.ec\/index.php\/wp-json\/wp\/v2\/pages\/209\/revisions\/1599"}],"wp:featuredmedia":[{"embeddable":true,"href":"https:\/\/santo.edu.ec\/index.php\/wp-json\/wp\/v2\/media\/273"}],"wp:attachment":[{"href":"https:\/\/santo.edu.ec\/index.php\/wp-json\/wp\/v2\/media?parent=209"}],"curies":[{"name":"wp","href":"https:\/\/api.w.org\/{rel}","templated":true}]}}

A través del tiempo

<p class="has-text-align-center"></p>



<div class="wp-block-media-text is-stacked-on-mobile animated backInLeft"><figure class="wp-block-media-text__media"><img data-recalc-dims="1" fetchpriority="high" decoding="async" width="532" height="340" src="https://i0.wp.com/santo.edu.ec/wp-content/uploads/2023/11/1869.png?resize=532%2C340&#038;ssl=1" alt="" class="wp-image-371 size-full" srcset="https://i0.wp.com/santo.edu.ec/wp-content/uploads/2023/11/1869.png?w=532&amp;ssl=1 532w, https://i0.wp.com/santo.edu.ec/wp-content/uploads/2023/11/1869.png?resize=300%2C192&amp;ssl=1 300w" sizes="(max-width: 532px) 100vw, 532px" /></figure><div class="wp-block-media-text__content">
<p class="has-large-font-size"><strong>1869</strong></p>



<p class="justificar">Fundación de la Congregación de Hermanas Dominicas de la Inmaculada Concepción en Toulouse – Francia, por Madre Hedwige Portalet.</p>
</div></div>



<hr class="wp-block-separator has-alpha-channel-opacity"/>



<div class="wp-block-media-text has-media-on-the-right is-stacked-on-mobile animated backInRight"><div class="wp-block-media-text__content">
<p class="has-large-font-size"><strong>1936</strong></p>



<p class="justificar">Las Hermanas Dominicas de la Inmaculada Concepción, llegan a la ciudad de Ambato. Fundan la actual U.E. Carmen Barona.</p>
</div><figure class="wp-block-media-text__media"><img data-recalc-dims="1" decoding="async" width="537" height="332" src="https://i0.wp.com/santo.edu.ec/wp-content/uploads/2023/11/1936.png?resize=537%2C332&#038;ssl=1" alt="" class="wp-image-370 size-full" srcset="https://i0.wp.com/santo.edu.ec/wp-content/uploads/2023/11/1936.png?w=537&amp;ssl=1 537w, https://i0.wp.com/santo.edu.ec/wp-content/uploads/2023/11/1936.png?resize=300%2C185&amp;ssl=1 300w" sizes="(max-width: 537px) 100vw, 537px" /></figure></div>



<hr class="wp-block-separator has-alpha-channel-opacity"/>



<div class="wp-block-media-text is-stacked-on-mobile animated backInLeft"><figure class="wp-block-media-text__media"><img data-recalc-dims="1" decoding="async" width="523" height="336" src="https://i0.wp.com/santo.edu.ec/wp-content/uploads/2023/11/1963.png?resize=523%2C336&#038;ssl=1" alt="" class="wp-image-369 size-full" srcset="https://i0.wp.com/santo.edu.ec/wp-content/uploads/2023/11/1963.png?w=523&amp;ssl=1 523w, https://i0.wp.com/santo.edu.ec/wp-content/uploads/2023/11/1963.png?resize=300%2C193&amp;ssl=1 300w" sizes="(max-width: 523px) 100vw, 523px" /></figure><div class="wp-block-media-text__content">
<p class="has-large-font-size"><strong>1963</strong></p>



<p class="justificar">Creación del Normal Carmen Barona. Inició el funcionamiento en la Av. Cevallos y Castillo.</p>
</div></div>



<hr class="wp-block-separator has-alpha-channel-opacity"/>



<div class="wp-block-media-text has-media-on-the-right is-stacked-on-mobile animated backInRight"><div class="wp-block-media-text__content">
<p class="has-large-font-size"><strong>1968</strong></p>



<p>Inauguración de las instalaciones en Ficoa.</p>
</div><figure class="wp-block-media-text__media"><img data-recalc-dims="1" loading="lazy" decoding="async" width="461" height="331" src="https://i0.wp.com/santo.edu.ec/wp-content/uploads/2023/11/1968.png?resize=461%2C331&#038;ssl=1" alt="" class="wp-image-368 size-full" srcset="https://i0.wp.com/santo.edu.ec/wp-content/uploads/2023/11/1968.png?w=461&amp;ssl=1 461w, https://i0.wp.com/santo.edu.ec/wp-content/uploads/2023/11/1968.png?resize=300%2C215&amp;ssl=1 300w" sizes="(max-width: 461px) 100vw, 461px" /></figure></div>



<hr class="wp-block-separator has-alpha-channel-opacity"/>



<div class="wp-block-media-text is-stacked-on-mobile animated backInLeft"><figure class="wp-block-media-text__media"><img data-recalc-dims="1" loading="lazy" decoding="async" width="462" height="333" src="https://i0.wp.com/santo.edu.ec/wp-content/uploads/2023/11/1973.png?resize=462%2C333&#038;ssl=1" alt="" class="wp-image-372 size-full" srcset="https://i0.wp.com/santo.edu.ec/wp-content/uploads/2023/11/1973.png?w=462&amp;ssl=1 462w, https://i0.wp.com/santo.edu.ec/wp-content/uploads/2023/11/1973.png?resize=300%2C216&amp;ssl=1 300w, https://i0.wp.com/santo.edu.ec/wp-content/uploads/2023/11/1973.png?resize=460%2C333&amp;ssl=1 460w" sizes="(max-width: 462px) 100vw, 462px" /></figure><div class="wp-block-media-text__content">
<p class="has-large-font-size"><strong>1973</strong></p>



<p class="justificar">Cambio de oferta educativa. Se suprime el Normal Carmen Barona y pasa a funcionar el colegio Carmen Barona con Bachillerato en Humanidades Modernas.</p>
</div></div>



<hr class="wp-block-separator has-alpha-channel-opacity"/>



<div class="wp-block-media-text has-media-on-the-right is-stacked-on-mobile animated backInRight"><div class="wp-block-media-text__content">
<p class="has-large-font-size"><strong>1979</strong></p>



<p>Cambio de denominación: de<br>Colegio Carmen Barona a<br>Colegio “Santo Domingo de<br>Guzmán”, con oferta educativa:<br>Jardín de Infantes, Escuela y<br>Colegio.<br></p>
</div><figure class="wp-block-media-text__media"><img data-recalc-dims="1" loading="lazy" decoding="async" width="503" height="347" src="https://i0.wp.com/santo.edu.ec/wp-content/uploads/2023/11/1979.png?resize=503%2C347&#038;ssl=1" alt="" class="wp-image-367 size-full" srcset="https://i0.wp.com/santo.edu.ec/wp-content/uploads/2023/11/1979.png?w=503&amp;ssl=1 503w, https://i0.wp.com/santo.edu.ec/wp-content/uploads/2023/11/1979.png?resize=300%2C207&amp;ssl=1 300w" sizes="(max-width: 503px) 100vw, 503px" /></figure></div>



<hr class="wp-block-separator has-alpha-channel-opacity"/>



<div class="wp-block-media-text is-stacked-on-mobile animated backInLeft"><figure class="wp-block-media-text__media"><img data-recalc-dims="1" loading="lazy" decoding="async" width="462" height="333" src="https://i0.wp.com/santo.edu.ec/wp-content/uploads/2023/11/1973.png?resize=462%2C333&#038;ssl=1" alt="" class="wp-image-372 size-full" srcset="https://i0.wp.com/santo.edu.ec/wp-content/uploads/2023/11/1973.png?w=462&amp;ssl=1 462w, https://i0.wp.com/santo.edu.ec/wp-content/uploads/2023/11/1973.png?resize=300%2C216&amp;ssl=1 300w, https://i0.wp.com/santo.edu.ec/wp-content/uploads/2023/11/1973.png?resize=460%2C333&amp;ssl=1 460w" sizes="(max-width: 462px) 100vw, 462px" /></figure><div class="wp-block-media-text__content">
<p class="has-large-font-size"><strong>2013</strong></p>



<p class="justificar">Unificación del servicio educativo con el nombre de Unidad Educativa Santo Domingo de Guzmán – Ambato. Oferta educativa actual: Inicial 2, Educación General Básica y Bachillerato General Unificado en Ciencias.</p>
</div></div>



<hr class="wp-block-separator has-alpha-channel-opacity"/>



<div class="wp-block-media-text has-media-on-the-right is-stacked-on-mobile animated backInRight"><div class="wp-block-media-text__content">
<p class="has-large-font-size"><strong>2024</strong></p>



<p class="Justificar">Continuamos la misión educativa bajo el lema institucional: Somos Luz y Verdad con Jesús, inspirado en el carisma fundacional de las hermanas Dominicas.</p>
</div><figure class="wp-block-media-text__media"><img data-recalc-dims="1" loading="lazy" decoding="async" width="750" height="563" src="https://i0.wp.com/santo.edu.ec/wp-content/uploads/2023/11/WhatsApp-Image-2023-11-16-at-09.04.06.jpeg?resize=750%2C563&#038;ssl=1" alt="" class="wp-image-489 size-full" srcset="https://i0.wp.com/santo.edu.ec/wp-content/uploads/2023/11/WhatsApp-Image-2023-11-16-at-09.04.06-scaled.jpeg?resize=1024%2C768&amp;ssl=1 1024w, https://i0.wp.com/santo.edu.ec/wp-content/uploads/2023/11/WhatsApp-Image-2023-11-16-at-09.04.06-scaled.jpeg?resize=300%2C225&amp;ssl=1 300w, https://i0.wp.com/santo.edu.ec/wp-content/uploads/2023/11/WhatsApp-Image-2023-11-16-at-09.04.06-scaled.jpeg?resize=768%2C576&amp;ssl=1 768w, https://i0.wp.com/santo.edu.ec/wp-content/uploads/2023/11/WhatsApp-Image-2023-11-16-at-09.04.06-scaled.jpeg?resize=1536%2C1152&amp;ssl=1 1536w, https://i0.wp.com/santo.edu.ec/wp-content/uploads/2023/11/WhatsApp-Image-2023-11-16-at-09.04.06-scaled.jpeg?resize=2048%2C1536&amp;ssl=1 2048w, https://i0.wp.com/santo.edu.ec/wp-content/uploads/2023/11/WhatsApp-Image-2023-11-16-at-09.04.06-scaled.jpeg?resize=600%2C450&amp;ssl=1 600w, https://i0.wp.com/santo.edu.ec/wp-content/uploads/2023/11/WhatsApp-Image-2023-11-16-at-09.04.06-scaled.jpeg?w=2250&amp;ssl=1 2250w" sizes="(max-width: 750px) 100vw, 750px" /></figure></div>



<hr class="wp-block-separator has-alpha-channel-opacity"/>



<figure class="wp-block-embed aligncenter is-type-video is-provider-youtube wp-block-embed-youtube wp-embed-aspect-16-9 wp-has-aspect-ratio"><div class="wp-block-embed__wrapper">
<iframe title="Enciende tu Lámpara | Santo Domingo de Guzmán Ambato" width="750" height="422" src="https://www.youtube.com/embed/MIuZUGc9wgM?feature=oembed" frameborder="0" allow="accelerometer; autoplay; clipboard-write; encrypted-media; gyroscope; picture-in-picture; web-share" referrerpolicy="strict-origin-when-cross-origin" allowfullscreen></iframe>
</div></figure>

<p>1869 Fundación de la Congregación de Hermanas Dominicas de la Inmaculada Concepción en Toulouse – Francia, por Madre Hedwige Portalet. 1936 Las Hermanas Dominicas de la Inmaculada Concepción, llegan a la ciudad de Ambato. Fundan la actual U.E. Carmen Barona. 1963 Creación del Normal Carmen Barona. Inició el funcionamiento en [&hellip;]</p>
